{"id":12,"date":"2017-12-20T21:22:14","date_gmt":"2017-12-20T21:22:14","guid":{"rendered":"http:\/\/planerydzienne.pl\/?page_id=12"},"modified":"2020-11-09T23:05:07","modified_gmt":"2020-11-09T23:05:07","slug":"o-nas","status":"publish","type":"page","link":"https:\/\/planerydzienne.pl\/index.php\/o-nas\/","title":{"rendered":"O nas"},"content":{"rendered":"<p><strong>&#8222;LGrafik&#8221;<\/strong> to firma, kt\u00f3ra powsta\u0142a z zami\u0142owania do planer\u00f3w i kalendarzy. Do\u015bwiadczenie zdobyte przez lata w bran\u017cy poligraficznej oraz graficznej zaowocowa\u0142y stworzeniem linii produkt\u00f3w <strong>Planowanie Podstaw\u0105 Sukcesu<\/strong>.<\/p>\n<p>Jednym z najwa\u017cniejszych wymog\u00f3w jaki sobie stawiamy jest to, aby sk\u0142adowe naszych planer\u00f3w i kalendarzy by\u0142y produkowane w Polsce. Dzi\u0119ki temu \u015bmia\u0142o mo\u017cemy powiedzie\u0107, \u017ce jest to prawdziwie polski produkt.<\/p>\n<p>&nbsp;<\/p>\n","protected":false},"excerpt":{"rendered":"<p>&#8222;LGrafik&#8221; to firma, kt\u00f3ra powsta\u0142a z zami\u0142owania do planer\u00f3w i kalendarzy. Do\u015bwiadczenie zdobyte przez lata w bran\u017cy poligraficznej oraz graficznej zaowocowa\u0142y stworzeniem linii produkt\u00f3w Planowanie Podstaw\u0105 Sukcesu. Jednym z najwa\u017cniejszych wymog\u00f3w jaki sobie stawiamy jest to, aby sk\u0142adowe naszych planer\u00f3w<\/p>\n","protected":false},"author":1,"featured_media":0,"parent":0,"menu_order":0,"comment_status":"closed","ping_status":"closed","template":"","meta":{"footnotes":""},"_links":{"self":[{"href":"https:\/\/planerydzienne.pl\/index.php\/wp-json\/wp\/v2\/pages\/12"}],"collection":[{"href":"https:\/\/planerydzienne.pl\/index.php\/wp-json\/wp\/v2\/pages"}],"about":[{"href":"https:\/\/planerydzienne.pl\/index.php\/wp-json\/wp\/v2\/types\/page"}],"author":[{"embeddable":true,"href":"https:\/\/planerydzienne.pl\/index.php\/wp-json\/wp\/v2\/users\/1"}],"replies":[{"embeddable":true,"href":"https:\/\/planerydzienne.pl\/index.php\/wp-json\/wp\/v2\/comments?post=12"}],"version-history":[{"count":5,"href":"https:\/\/planerydzienne.pl\/index.php\/wp-json\/wp\/v2\/pages\/12\/revisions"}],"predecessor-version":[{"id":1660,"href":"https:\/\/planerydzienne.pl\/index.php\/wp-json\/wp\/v2\/pages\/12\/revisions\/1660"}],"wp:attachment":[{"href":"https:\/\/planerydzienne.pl\/index.php\/wp-json\/wp\/v2\/media?parent=12"}],"curies":[{"name":"wp","href":"https:\/\/api.w.org\/{rel}","templated":true}]}}

<p><strong>&#8222;LGrafik&#8221;</strong> to firma, która powstała z zamiłowania do planerów i kalendarzy. Doświadczenie zdobyte przez lata w branży poligraficznej oraz graficznej zaowocowały stworzeniem linii produktów <strong>Planowanie Podstawą Sukcesu</strong>.</p>
<p>Jednym z najważniejszych wymogów jaki sobie stawiamy jest to, aby składowe naszych planerów i kalendarzy były produkowane w Polsce. Dzięki temu śmiało możemy powiedzieć, że jest to prawdziwie polski produkt.</p>
<p>&nbsp;</p>

<p>&#8222;LGrafik&#8221; to firma, która powstała z zamiłowania do planerów i kalendarzy. Doświadczenie zdobyte przez lata w branży poligraficznej oraz graficznej zaowocowały stworzeniem linii produktów Planowanie Podstawą Sukcesu. Jednym z najważniejszych wymogów jaki sobie stawiamy jest to, aby składowe naszych planerów</p>
