{"id":162,"date":"2017-12-26T19:47:19","date_gmt":"2017-12-26T19:47:19","guid":{"rendered":"http:\/\/planerydzienne.pl\/?page_id=162"},"modified":"2023-11-23T22:49:46","modified_gmt":"2023-11-23T22:49:46","slug":"oferta-dla-biznesu","status":"publish","type":"page","link":"https:\/\/planerydzienne.pl\/index.php\/oferta-dla-biznesu\/","title":{"rendered":"Oferta dla biznesu"},"content":{"rendered":"<h3>Prowadzisz firm\u0119, szkolenia, warsztaty?<\/h3>\n<p><strong>By\u0142y ju\u017c kubki, d\u0142ugopisy, pendrive&#8217;y? Stw\u00f3rz sw\u00f3j unikatowy i niepowtarzalny gad\u017cet reklamowy. Planery i kalendarze personalizowane. <\/strong>Je\u015bli chcesz podarowa\u0107 swoim klientom niepowtarzalny upominek, inny ni\u017c wszyscy pozostali, planery s\u0105 idealne dla Twojego biznesu.\u00a0Oferujemy planery dzienne, tygodniowe i kalendarze w pe\u0142ni personalizowane w niskich nak\u0142adach. Nie musisz zamawia\u0107 setek sztuk i p\u0142aci\u0107 du\u017cych pieni\u0119dzy.<\/p>\n<p><strong><span style=\"color: #c7a361;\">\u00bb\u00a0<\/span>Nak\u0142ady od 20 szt;<\/strong><\/p>\n<p><strong><span style=\"color: #c7a361;\">\u00bb\u00a0<\/span>Indywidualne podej\u015bcie do ka\u017cdego zlecenia;<\/strong><\/p>\n<p><strong><strong><span style=\"color: #c7a361;\">\u00bb\u00a0<\/span>Twoja ok\u0142adka i dane w stopkach na wn\u0119trzu planer\u00f3w. Oferujemy r\u00f3wnie\u017c mo\u017cliwo\u015b\u0107 przygotowania projektu graficznego ok\u0142adki;<\/strong><\/strong><\/p>\n<p><strong><strong><span style=\"color: #c7a361;\">\u00bb\u00a0<\/span>Planery i kalendarze w ok\u0142adkach mi\u0119kkich i twardych;<br \/><\/strong><\/strong><\/p>\n<p><strong><span style=\"color: #c7a361;\">\u00bb\u00a0<\/span>Zapewniamy Planery \/ Plannery w niskich nak\u0142adach;<\/strong><\/p>\n<p><strong><span style=\"color: #c7a361;\">\u00bb\u00a0<\/span>Przyst\u0119pne ceny dopasowane do Pa\u0144stwa potrzeb.<\/strong><\/p>\n<div id='gallery-1' class='gallery galleryid-162 gallery-columns-5 gallery-size-medium'><figure class='gallery-item'>\n\t\t\t<div class='gallery-icon portrait'>\n\t\t\t\t<a href='https:\/\/planerydzienne.pl\/wp-content\/uploads\/2019\/05\/glob-metal-okl-mala.jpg'><img loading=\"lazy\" decoding=\"async\" width=\"241\" height=\"300\" src=\"https:\/\/planerydzienne.pl\/wp-content\/uploads\/2019\/05\/glob-metal-okl-mala-241x300.jpg\" class=\"attachment-medium size-medium\" alt=\"\" srcset=\"https:\/\/planerydzienne.pl\/wp-content\/uploads\/2019\/05\/glob-metal-okl-mala-241x300.jpg 241w, https:\/\/planerydzienne.pl\/wp-content\/uploads\/2019\/05\/glob-metal-okl-mala-768x955.jpg 768w, https:\/\/planerydzienne.pl\/wp-content\/uploads\/2019\/05\/glob-metal-okl-mala-600x746.jpg 600w, https:\/\/planerydzienne.pl\/wp-content\/uploads\/2019\/05\/glob-metal-okl-mala.jpg 804w\" sizes=\"(max-width: 241px) 100vw, 241px\" \/><\/a>\n\t\t\t<\/div><\/figure><figure class='gallery-item'>\n\t\t\t<div class='gallery-icon portrait'>\n\t\t\t\t<a href='https:\/\/planerydzienne.pl\/wp-content\/uploads\/2023\/11\/okl-1-mala.jpg'><img loading=\"lazy\" decoding=\"async\" width=\"241\" height=\"300\" src=\"https:\/\/planerydzienne.pl\/wp-content\/uploads\/2023\/11\/okl-1-mala-241x300.jpg\" class=\"attachment-medium size-medium\" alt=\"\" srcset=\"https:\/\/planerydzienne.pl\/wp-content\/uploads\/2023\/11\/okl-1-mala-241x300.jpg 241w, https:\/\/planerydzienne.pl\/wp-content\/uploads\/2023\/11\/okl-1-mala-768x955.jpg 768w, https:\/\/planerydzienne.pl\/wp-content\/uploads\/2023\/11\/okl-1-mala-600x746.jpg 600w, https:\/\/planerydzienne.pl\/wp-content\/uploads\/2023\/11\/okl-1-mala.jpg 804w\" sizes=\"(max-width: 241px) 100vw, 241px\" \/><\/a>\n\t\t\t<\/div><\/figure><figure class='gallery-item'>\n\t\t\t<div class='gallery-icon portrait'>\n\t\t\t\t<a href='https:\/\/planerydzienne.pl\/wp-content\/uploads\/2019\/03\/magvit-maly.jpg'><img loading=\"lazy\" decoding=\"async\" width=\"241\" height=\"300\" src=\"https:\/\/planerydzienne.pl\/wp-content\/uploads\/2019\/03\/magvit-maly-241x300.jpg\" class=\"attachment-medium size-medium\" alt=\"\" srcset=\"https:\/\/planerydzienne.pl\/wp-content\/uploads\/2019\/03\/magvit-maly-241x300.jpg 241w, https:\/\/planerydzienne.pl\/wp-content\/uploads\/2019\/03\/magvit-maly-768x955.jpg 768w, https:\/\/planerydzienne.pl\/wp-content\/uploads\/2019\/03\/magvit-maly-600x746.jpg 600w, https:\/\/planerydzienne.pl\/wp-content\/uploads\/2019\/03\/magvit-maly.jpg 804w\" sizes=\"(max-width: 241px) 100vw, 241px\" \/><\/a>\n\t\t\t<\/div><\/figure><figure class='gallery-item'>\n\t\t\t<div class='gallery-icon portrait'>\n\t\t\t\t<a href='https:\/\/planerydzienne.pl\/wp-content\/uploads\/2018\/05\/absolvent-mini..jpg'><img loading=\"lazy\" decoding=\"async\" width=\"241\" height=\"300\" src=\"https:\/\/planerydzienne.pl\/wp-content\/uploads\/2018\/05\/absolvent-mini.-241x300.jpg\" class=\"attachment-medium size-medium\" alt=\"\" srcset=\"https:\/\/planerydzienne.pl\/wp-content\/uploads\/2018\/05\/absolvent-mini.-241x300.jpg 241w, https:\/\/planerydzienne.pl\/wp-content\/uploads\/2018\/05\/absolvent-mini.-768x955.jpg 768w, https:\/\/planerydzienne.pl\/wp-content\/uploads\/2018\/05\/absolvent-mini.-600x746.jpg 600w, https:\/\/planerydzienne.pl\/wp-content\/uploads\/2018\/05\/absolvent-mini..jpg 804w\" sizes=\"(max-width: 241px) 100vw, 241px\" \/><\/a>\n\t\t\t<\/div><\/figure><figure class='gallery-item'>\n\t\t\t<div class='gallery-icon portrait'>\n\t\t\t\t<a href='https:\/\/planerydzienne.pl\/wp-content\/uploads\/2018\/01\/azyl-planer.jpg'><img loading=\"lazy\" decoding=\"async\" width=\"241\" height=\"300\" src=\"https:\/\/planerydzienne.pl\/wp-content\/uploads\/2018\/01\/azyl-planer-241x300.jpg\" class=\"attachment-medium size-medium\" alt=\"\" srcset=\"https:\/\/planerydzienne.pl\/wp-content\/uploads\/2018\/01\/azyl-planer-241x300.jpg 241w, https:\/\/planerydzienne.pl\/wp-content\/uploads\/2018\/01\/azyl-planer-600x746.jpg 600w, https:\/\/planerydzienne.pl\/wp-content\/uploads\/2018\/01\/azyl-planer-768x955.jpg 768w, https:\/\/planerydzienne.pl\/wp-content\/uploads\/2018\/01\/azyl-planer.jpg 804w\" sizes=\"(max-width: 241px) 100vw, 241px\" \/><\/a>\n\t\t\t<\/div><\/figure><figure class='gallery-item'>\n\t\t\t<div class='gallery-icon portrait'>\n\t\t\t\t<a href='https:\/\/planerydzienne.pl\/wp-content\/uploads\/2018\/05\/leifheit-mini.jpg'><img loading=\"lazy\" decoding=\"async\" width=\"241\" height=\"300\" src=\"https:\/\/planerydzienne.pl\/wp-content\/uploads\/2018\/05\/leifheit-mini-241x300.jpg\" class=\"attachment-medium size-medium\" alt=\"\" srcset=\"https:\/\/planerydzienne.pl\/wp-content\/uploads\/2018\/05\/leifheit-mini-241x300.jpg 241w, https:\/\/planerydzienne.pl\/wp-content\/uploads\/2018\/05\/leifheit-mini-768x955.jpg 768w, https:\/\/planerydzienne.pl\/wp-content\/uploads\/2018\/05\/leifheit-mini-600x746.jpg 600w, https:\/\/planerydzienne.pl\/wp-content\/uploads\/2018\/05\/leifheit-mini.jpg 804w\" sizes=\"(max-width: 241px) 100vw, 241px\" \/><\/a>\n\t\t\t<\/div><\/figure><figure class='gallery-item'>\n\t\t\t<div class='gallery-icon portrait'>\n\t\t\t\t<a href='https:\/\/planerydzienne.pl\/wp-content\/uploads\/2023\/11\/01-okladka-1-mala.jpg'><img loading=\"lazy\" decoding=\"async\" width=\"241\" height=\"300\" src=\"https:\/\/planerydzienne.pl\/wp-content\/uploads\/2023\/11\/01-okladka-1-mala-241x300.jpg\" class=\"attachment-medium size-medium\" alt=\"\" srcset=\"https:\/\/planerydzienne.pl\/wp-content\/uploads\/2023\/11\/01-okladka-1-mala-241x300.jpg 241w, https:\/\/planerydzienne.pl\/wp-content\/uploads\/2023\/11\/01-okladka-1-mala-768x955.jpg 768w, https:\/\/planerydzienne.pl\/wp-content\/uploads\/2023\/11\/01-okladka-1-mala-600x746.jpg 600w, https:\/\/planerydzienne.pl\/wp-content\/uploads\/2023\/11\/01-okladka-1-mala.jpg 804w\" sizes=\"(max-width: 241px) 100vw, 241px\" \/><\/a>\n\t\t\t<\/div><\/figure><figure class='gallery-item'>\n\t\t\t<div class='gallery-icon portrait'>\n\t\t\t\t<a href='https:\/\/planerydzienne.pl\/wp-content\/uploads\/2019\/02\/enjoy-maly.jpg'><img loading=\"lazy\" decoding=\"async\" width=\"241\" height=\"300\" src=\"https:\/\/planerydzienne.pl\/wp-content\/uploads\/2019\/02\/enjoy-maly-241x300.jpg\" class=\"attachment-medium size-medium\" alt=\"\" srcset=\"https:\/\/planerydzienne.pl\/wp-content\/uploads\/2019\/02\/enjoy-maly-241x300.jpg 241w, https:\/\/planerydzienne.pl\/wp-content\/uploads\/2019\/02\/enjoy-maly-768x955.jpg 768w, https:\/\/planerydzienne.pl\/wp-content\/uploads\/2019\/02\/enjoy-maly-600x746.jpg 600w, https:\/\/planerydzienne.pl\/wp-content\/uploads\/2019\/02\/enjoy-maly.jpg 804w\" sizes=\"(max-width: 241px) 100vw, 241px\" \/><\/a>\n\t\t\t<\/div><\/figure><figure class='gallery-item'>\n\t\t\t<div class='gallery-icon portrait'>\n\t\t\t\t<a href='https:\/\/planerydzienne.pl\/wp-content\/uploads\/2023\/11\/przod_male.jpg'><img loading=\"lazy\" decoding=\"async\" width=\"241\" height=\"300\" src=\"https:\/\/planerydzienne.pl\/wp-content\/uploads\/2023\/11\/przod_male-241x300.jpg\" class=\"attachment-medium size-medium\" alt=\"\" srcset=\"https:\/\/planerydzienne.pl\/wp-content\/uploads\/2023\/11\/przod_male-241x300.jpg 241w, https:\/\/planerydzienne.pl\/wp-content\/uploads\/2023\/11\/przod_male-768x955.jpg 768w, https:\/\/planerydzienne.pl\/wp-content\/uploads\/2023\/11\/przod_male-600x746.jpg 600w, https:\/\/planerydzienne.pl\/wp-content\/uploads\/2023\/11\/przod_male.jpg 804w\" sizes=\"(max-width: 241px) 100vw, 241px\" \/><\/a>\n\t\t\t<\/div><\/figure><figure class='gallery-item'>\n\t\t\t<div class='gallery-icon portrait'>\n\t\t\t\t<a href='https:\/\/planerydzienne.pl\/wp-content\/uploads\/2023\/11\/oro-male.jpg'><img loading=\"lazy\" decoding=\"async\" width=\"241\" height=\"300\" src=\"https:\/\/planerydzienne.pl\/wp-content\/uploads\/2023\/11\/oro-male-241x300.jpg\" class=\"attachment-medium size-medium\" alt=\"\" srcset=\"https:\/\/planerydzienne.pl\/wp-content\/uploads\/2023\/11\/oro-male-241x300.jpg 241w, https:\/\/planerydzienne.pl\/wp-content\/uploads\/2023\/11\/oro-male-768x955.jpg 768w, https:\/\/planerydzienne.pl\/wp-content\/uploads\/2023\/11\/oro-male-600x746.jpg 600w, https:\/\/planerydzienne.pl\/wp-content\/uploads\/2023\/11\/oro-male.jpg 804w\" sizes=\"(max-width: 241px) 100vw, 241px\" \/><\/a>\n\t\t\t<\/div><\/figure>\n\t\t<\/div>\n\n<hr \/>\n<p>Naszymi klientami byli m.in.:<\/p>\n<div id='gallery-2' class='gallery galleryid-162 gallery-columns-7 gallery-size-full'><figure class='gallery-item'>\n\t\t\t<div class='gallery-icon landscape'>\n\t\t\t\t<a href='https:\/\/planerydzienne.pl\/wp-content\/uploads\/2018\/04\/macro-1.jpg'><img loading=\"lazy\" decoding=\"async\" width=\"300\" height=\"300\" src=\"https:\/\/planerydzienne.pl\/wp-content\/uploads\/2018\/04\/macro-1.jpg\" class=\"attachment-full size-full\" alt=\"\" srcset=\"https:\/\/planerydzienne.pl\/wp-content\/uploads\/2018\/04\/macro-1.jpg 300w, https:\/\/planerydzienne.pl\/wp-content\/uploads\/2018\/04\/macro-1-100x100.jpg 100w, https:\/\/planerydzienne.pl\/wp-content\/uploads\/2018\/04\/macro-1-150x150.jpg 150w, https:\/\/planerydzienne.pl\/wp-content\/uploads\/2018\/04\/macro-1-270x270.jpg 270w, https:\/\/planerydzienne.pl\/wp-content\/uploads\/2018\/04\/macro-1-230x230.jpg 230w\" sizes=\"(max-width: 300px) 100vw, 300px\" \/><\/a>\n\t\t\t<\/div><\/figure><figure class='gallery-item'>\n\t\t\t<div class='gallery-icon landscape'>\n\t\t\t\t<a href='https:\/\/planerydzienne.pl\/wp-content\/uploads\/2019\/05\/glob-metal-logo.jpg'><img loading=\"lazy\" decoding=\"async\" width=\"300\" height=\"300\" src=\"https:\/\/planerydzienne.pl\/wp-content\/uploads\/2019\/05\/glob-metal-logo.jpg\" class=\"attachment-full size-full\" alt=\"\" srcset=\"https:\/\/planerydzienne.pl\/wp-content\/uploads\/2019\/05\/glob-metal-logo.jpg 300w, https:\/\/planerydzienne.pl\/wp-content\/uploads\/2019\/05\/glob-metal-logo-150x150.jpg 150w, https:\/\/planerydzienne.pl\/wp-content\/uploads\/2019\/05\/glob-metal-logo-270x270.jpg 270w, https:\/\/planerydzienne.pl\/wp-content\/uploads\/2019\/05\/glob-metal-logo-230x230.jpg 230w, https:\/\/planerydzienne.pl\/wp-content\/uploads\/2019\/05\/glob-metal-logo-100x100.jpg 100w\" sizes=\"(max-width: 300px) 100vw, 300px\" \/><\/a>\n\t\t\t<\/div><\/figure><figure class='gallery-item'>\n\t\t\t<div class='gallery-icon landscape'>\n\t\t\t\t<a href='https:\/\/planerydzienne.pl\/wp-content\/uploads\/2019\/03\/Magvit-B6-logo-strona.jpg'><img loading=\"lazy\" decoding=\"async\" width=\"300\" height=\"300\" src=\"https:\/\/planerydzienne.pl\/wp-content\/uploads\/2019\/03\/Magvit-B6-logo-strona.jpg\" class=\"attachment-full size-full\" alt=\"\" srcset=\"https:\/\/planerydzienne.pl\/wp-content\/uploads\/2019\/03\/Magvit-B6-logo-strona.jpg 300w, https:\/\/planerydzienne.pl\/wp-content\/uploads\/2019\/03\/Magvit-B6-logo-strona-150x150.jpg 150w, https:\/\/planerydzienne.pl\/wp-content\/uploads\/2019\/03\/Magvit-B6-logo-strona-270x270.jpg 270w, https:\/\/planerydzienne.pl\/wp-content\/uploads\/2019\/03\/Magvit-B6-logo-strona-230x230.jpg 230w, https:\/\/planerydzienne.pl\/wp-content\/uploads\/2019\/03\/Magvit-B6-logo-strona-100x100.jpg 100w\" sizes=\"(max-width: 300px) 100vw, 300px\" \/><\/a>\n\t\t\t<\/div><\/figure><figure class='gallery-item'>\n\t\t\t<div class='gallery-icon landscape'>\n\t\t\t\t<a href='https:\/\/planerydzienne.pl\/wp-content\/uploads\/2018\/04\/10945627_772865719429922_8449058435782104934_n-1.jpg'><img loading=\"lazy\" decoding=\"async\" width=\"300\" height=\"300\" src=\"https:\/\/planerydzienne.pl\/wp-content\/uploads\/2018\/04\/10945627_772865719429922_8449058435782104934_n-1.jpg\" class=\"attachment-full size-full\" alt=\"\" srcset=\"https:\/\/planerydzienne.pl\/wp-content\/uploads\/2018\/04\/10945627_772865719429922_8449058435782104934_n-1.jpg 300w, https:\/\/planerydzienne.pl\/wp-content\/uploads\/2018\/04\/10945627_772865719429922_8449058435782104934_n-1-100x100.jpg 100w, https:\/\/planerydzienne.pl\/wp-content\/uploads\/2018\/04\/10945627_772865719429922_8449058435782104934_n-1-150x150.jpg 150w, https:\/\/planerydzienne.pl\/wp-content\/uploads\/2018\/04\/10945627_772865719429922_8449058435782104934_n-1-270x270.jpg 270w, https:\/\/planerydzienne.pl\/wp-content\/uploads\/2018\/04\/10945627_772865719429922_8449058435782104934_n-1-230x230.jpg 230w\" sizes=\"(max-width: 300px) 100vw, 300px\" \/><\/a>\n\t\t\t<\/div><\/figure><figure class='gallery-item'>\n\t\t\t<div class='gallery-icon landscape'>\n\t\t\t\t<a href='https:\/\/planerydzienne.pl\/wp-content\/uploads\/2018\/05\/absolvent.jpg'><img loading=\"lazy\" decoding=\"async\" width=\"300\" height=\"300\" src=\"https:\/\/planerydzienne.pl\/wp-content\/uploads\/2018\/05\/absolvent.jpg\" class=\"attachment-full size-full\" alt=\"\" srcset=\"https:\/\/planerydzienne.pl\/wp-content\/uploads\/2018\/05\/absolvent.jpg 300w, https:\/\/planerydzienne.pl\/wp-content\/uploads\/2018\/05\/absolvent-150x150.jpg 150w, https:\/\/planerydzienne.pl\/wp-content\/uploads\/2018\/05\/absolvent-270x270.jpg 270w, https:\/\/planerydzienne.pl\/wp-content\/uploads\/2018\/05\/absolvent-230x230.jpg 230w, https:\/\/planerydzienne.pl\/wp-content\/uploads\/2018\/05\/absolvent-100x100.jpg 100w\" sizes=\"(max-width: 300px) 100vw, 300px\" \/><\/a>\n\t\t\t<\/div><\/figure><figure class='gallery-item'>\n\t\t\t<div class='gallery-icon landscape'>\n\t\t\t\t<a href='https:\/\/planerydzienne.pl\/wp-content\/uploads\/2019\/02\/en-logo.jpg'><img loading=\"lazy\" decoding=\"async\" width=\"300\" height=\"300\" src=\"https:\/\/planerydzienne.pl\/wp-content\/uploads\/2019\/02\/en-logo.jpg\" class=\"attachment-full size-full\" alt=\"\" srcset=\"https:\/\/planerydzienne.pl\/wp-content\/uploads\/2019\/02\/en-logo.jpg 300w, https:\/\/planerydzienne.pl\/wp-content\/uploads\/2019\/02\/en-logo-150x150.jpg 150w, https:\/\/planerydzienne.pl\/wp-content\/uploads\/2019\/02\/en-logo-270x270.jpg 270w, https:\/\/planerydzienne.pl\/wp-content\/uploads\/2019\/02\/en-logo-230x230.jpg 230w, https:\/\/planerydzienne.pl\/wp-content\/uploads\/2019\/02\/en-logo-100x100.jpg 100w\" sizes=\"(max-width: 300px) 100vw, 300px\" \/><\/a>\n\t\t\t<\/div><\/figure><figure class='gallery-item'>\n\t\t\t<div class='gallery-icon landscape'>\n\t\t\t\t<a href='https:\/\/planerydzienne.pl\/wp-content\/uploads\/2018\/05\/leifheit.jpg'><img loading=\"lazy\" decoding=\"async\" width=\"300\" height=\"300\" src=\"https:\/\/planerydzienne.pl\/wp-content\/uploads\/2018\/05\/leifheit.jpg\" class=\"attachment-full size-full\" alt=\"\" srcset=\"https:\/\/planerydzienne.pl\/wp-content\/uploads\/2018\/05\/leifheit.jpg 300w, https:\/\/planerydzienne.pl\/wp-content\/uploads\/2018\/05\/leifheit-150x150.jpg 150w, https:\/\/planerydzienne.pl\/wp-content\/uploads\/2018\/05\/leifheit-270x270.jpg 270w, https:\/\/planerydzienne.pl\/wp-content\/uploads\/2018\/05\/leifheit-230x230.jpg 230w, https:\/\/planerydzienne.pl\/wp-content\/uploads\/2018\/05\/leifheit-100x100.jpg 100w\" sizes=\"(max-width: 300px) 100vw, 300px\" \/><\/a>\n\t\t\t<\/div><\/figure>\n\t\t<\/div>\n\n\n\n<p> <\/p>\n\n\n\n<hr class=\"wp-block-separator has-css-opacity\"\/>\n\n\n\n<p><br><strong>Uwaga!<\/strong> <\/p>\n\n\n\n<p>Nie wystawiamy faktur VATowskch a jedynie Fakura\/Rachunek. Czynno\u015b\u0107 zwolniona od podatku na podstawie art 113 ust 1 i 9 ustawy z dnia 11 marca 2004 r. o podatki od towar\u00f3w i us\u0142ug (Dz. U. 2011, nr 177, poz. 1054 ze zm.)<\/p>\n\n\n\n<p><br><\/p>\n","protected":false},"excerpt":{"rendered":"<p>Prowadzisz firm\u0119, szkolenia, warsztaty? By\u0142y ju\u017c kubki, d\u0142ugopisy, pendrive&#8217;y? Stw\u00f3rz sw\u00f3j unikatowy i niepowtarzalny gad\u017cet reklamowy. Planery i kalendarze personalizowane. Je\u015bli chcesz podarowa\u0107 swoim klientom niepowtarzalny upominek, inny ni\u017c wszyscy pozostali, planery s\u0105 idealne dla Twojego biznesu.\u00a0Oferujemy planery dzienne, tygodniowe<\/p>\n","protected":false},"author":1,"featured_media":0,"parent":0,"menu_order":0,"comment_status":"closed","ping_status":"closed","template":"","meta":{"footnotes":""},"_links":{"self":[{"href":"https:\/\/planerydzienne.pl\/index.php\/wp-json\/wp\/v2\/pages\/162"}],"collection":[{"href":"https:\/\/planerydzienne.pl\/index.php\/wp-json\/wp\/v2\/pages"}],"about":[{"href":"https:\/\/planerydzienne.pl\/index.php\/wp-json\/wp\/v2\/types\/page"}],"author":[{"embeddable":true,"href":"https:\/\/planerydzienne.pl\/index.php\/wp-json\/wp\/v2\/users\/1"}],"replies":[{"embeddable":true,"href":"https:\/\/planerydzienne.pl\/index.php\/wp-json\/wp\/v2\/comments?post=162"}],"version-history":[{"count":34,"href":"https:\/\/planerydzienne.pl\/index.php\/wp-json\/wp\/v2\/pages\/162\/revisions"}],"predecessor-version":[{"id":2236,"href":"https:\/\/planerydzienne.pl\/index.php\/wp-json\/wp\/v2\/pages\/162\/revisions\/2236"}],"wp:attachment":[{"href":"https:\/\/planerydzienne.pl\/index.php\/wp-json\/wp\/v2\/media?parent=162"}],"curies":[{"name":"wp","href":"https:\/\/api.w.org\/{rel}","templated":true}]}}