{"id":361,"date":"2018-02-25T13:05:47","date_gmt":"2018-02-25T13:05:47","guid":{"rendered":"http:\/\/planerydzienne.pl\/?post_type=product&#038;p=361"},"modified":"2026-02-05T18:39:12","modified_gmt":"2026-02-05T18:39:12","slug":"planer-dzienny-black-line-a5-wersja-bold","status":"publish","type":"product","link":"https:\/\/planerydzienne.pl\/index.php\/produkt\/planer-dzienny-black-line-a5-wersja-bold\/","title":{"rendered":"PLANER dzienny: Black Line (A5) \u2013 wersja BOLD"},"content":{"rendered":"<div class=\"item item-6\">\n<div id='gallery-1' class='gallery galleryid-361 gallery-columns-6 gallery-size-medium'><figure class='gallery-item'>\n\t\t\t<div class='gallery-icon landscape'>\n\t\t\t\t<a href='https:\/\/planerydzienne.pl\/wp-content\/uploads\/2018\/02\/01-okladka-1-1.jpg'><img loading=\"lazy\" decoding=\"async\" width=\"300\" height=\"220\" src=\"https:\/\/planerydzienne.pl\/wp-content\/uploads\/2018\/02\/01-okladka-1-1-300x220.jpg\" class=\"attachment-medium size-medium\" alt=\"\" srcset=\"https:\/\/planerydzienne.pl\/wp-content\/uploads\/2018\/02\/01-okladka-1-1-300x220.jpg 300w, https:\/\/planerydzienne.pl\/wp-content\/uploads\/2018\/02\/01-okladka-1-1-768x562.jpg 768w, https:\/\/planerydzienne.pl\/wp-content\/uploads\/2018\/02\/01-okladka-1-1-600x439.jpg 600w, https:\/\/planerydzienne.pl\/wp-content\/uploads\/2018\/02\/01-okladka-1-1.jpg 1000w\" sizes=\"(max-width: 300px) 100vw, 300px\" \/><\/a>\n\t\t\t<\/div><\/figure><figure class='gallery-item'>\n\t\t\t<div class='gallery-icon landscape'>\n\t\t\t\t<a href='https:\/\/planerydzienne.pl\/wp-content\/uploads\/2018\/02\/02-pierwsza-1.jpg'><img loading=\"lazy\" decoding=\"async\" width=\"300\" height=\"220\" src=\"https:\/\/planerydzienne.pl\/wp-content\/uploads\/2018\/02\/02-pierwsza-1-300x220.jpg\" class=\"attachment-medium size-medium\" alt=\"\" srcset=\"https:\/\/planerydzienne.pl\/wp-content\/uploads\/2018\/02\/02-pierwsza-1-300x220.jpg 300w, https:\/\/planerydzienne.pl\/wp-content\/uploads\/2018\/02\/02-pierwsza-1-768x562.jpg 768w, https:\/\/planerydzienne.pl\/wp-content\/uploads\/2018\/02\/02-pierwsza-1-600x439.jpg 600w, https:\/\/planerydzienne.pl\/wp-content\/uploads\/2018\/02\/02-pierwsza-1.jpg 1000w\" sizes=\"(max-width: 300px) 100vw, 300px\" \/><\/a>\n\t\t\t<\/div><\/figure><figure class='gallery-item'>\n\t\t\t<div class='gallery-icon landscape'>\n\t\t\t\t<a href='https:\/\/planerydzienne.pl\/wp-content\/uploads\/2018\/02\/04-plan-urlopowy.jpg'><img loading=\"lazy\" decoding=\"async\" width=\"300\" height=\"220\" src=\"https:\/\/planerydzienne.pl\/wp-content\/uploads\/2018\/02\/04-plan-urlopowy-300x220.jpg\" class=\"attachment-medium size-medium\" alt=\"\" srcset=\"https:\/\/planerydzienne.pl\/wp-content\/uploads\/2018\/02\/04-plan-urlopowy-300x220.jpg 300w, https:\/\/planerydzienne.pl\/wp-content\/uploads\/2018\/02\/04-plan-urlopowy-768x562.jpg 768w, https:\/\/planerydzienne.pl\/wp-content\/uploads\/2018\/02\/04-plan-urlopowy-600x439.jpg 600w, https:\/\/planerydzienne.pl\/wp-content\/uploads\/2018\/02\/04-plan-urlopowy.jpg 1000w\" sizes=\"(max-width: 300px) 100vw, 300px\" \/><\/a>\n\t\t\t<\/div><\/figure><figure class='gallery-item'>\n\t\t\t<div class='gallery-icon landscape'>\n\t\t\t\t<a href='https:\/\/planerydzienne.pl\/wp-content\/uploads\/2018\/02\/05-moje-cele.jpg'><img loading=\"lazy\" decoding=\"async\" width=\"300\" height=\"220\" src=\"https:\/\/planerydzienne.pl\/wp-content\/uploads\/2018\/02\/05-moje-cele-300x220.jpg\" class=\"attachment-medium size-medium\" alt=\"\" srcset=\"https:\/\/planerydzienne.pl\/wp-content\/uploads\/2018\/02\/05-moje-cele-300x220.jpg 300w, https:\/\/planerydzienne.pl\/wp-content\/uploads\/2018\/02\/05-moje-cele-768x562.jpg 768w, https:\/\/planerydzienne.pl\/wp-content\/uploads\/2018\/02\/05-moje-cele-600x439.jpg 600w, https:\/\/planerydzienne.pl\/wp-content\/uploads\/2018\/02\/05-moje-cele.jpg 1000w\" sizes=\"(max-width: 300px) 100vw, 300px\" \/><\/a>\n\t\t\t<\/div><\/figure><figure class='gallery-item'>\n\t\t\t<div class='gallery-icon landscape'>\n\t\t\t\t<a href='https:\/\/planerydzienne.pl\/wp-content\/uploads\/2018\/02\/05-plan-miesieczny-i-finansowy-1.jpg'><img loading=\"lazy\" decoding=\"async\" width=\"300\" height=\"220\" src=\"https:\/\/planerydzienne.pl\/wp-content\/uploads\/2018\/02\/05-plan-miesieczny-i-finansowy-1-300x220.jpg\" class=\"attachment-medium size-medium\" alt=\"\" srcset=\"https:\/\/planerydzienne.pl\/wp-content\/uploads\/2018\/02\/05-plan-miesieczny-i-finansowy-1-300x220.jpg 300w, https:\/\/planerydzienne.pl\/wp-content\/uploads\/2018\/02\/05-plan-miesieczny-i-finansowy-1-768x562.jpg 768w, https:\/\/planerydzienne.pl\/wp-content\/uploads\/2018\/02\/05-plan-miesieczny-i-finansowy-1-600x439.jpg 600w, https:\/\/planerydzienne.pl\/wp-content\/uploads\/2018\/02\/05-plan-miesieczny-i-finansowy-1.jpg 1000w\" sizes=\"(max-width: 300px) 100vw, 300px\" \/><\/a>\n\t\t\t<\/div><\/figure><figure class='gallery-item'>\n\t\t\t<div class='gallery-icon landscape'>\n\t\t\t\t<a href='https:\/\/planerydzienne.pl\/wp-content\/uploads\/2018\/02\/06-sto-rzeczy.jpg'><img loading=\"lazy\" decoding=\"async\" width=\"300\" height=\"220\" src=\"https:\/\/planerydzienne.pl\/wp-content\/uploads\/2018\/02\/06-sto-rzeczy-300x220.jpg\" class=\"attachment-medium size-medium\" alt=\"\" srcset=\"https:\/\/planerydzienne.pl\/wp-content\/uploads\/2018\/02\/06-sto-rzeczy-300x220.jpg 300w, https:\/\/planerydzienne.pl\/wp-content\/uploads\/2018\/02\/06-sto-rzeczy-768x562.jpg 768w, https:\/\/planerydzienne.pl\/wp-content\/uploads\/2018\/02\/06-sto-rzeczy-600x439.jpg 600w, https:\/\/planerydzienne.pl\/wp-content\/uploads\/2018\/02\/06-sto-rzeczy.jpg 1000w\" sizes=\"(max-width: 300px) 100vw, 300px\" \/><\/a>\n\t\t\t<\/div><\/figure><figure class='gallery-item'>\n\t\t\t<div class='gallery-icon landscape'>\n\t\t\t\t<a href='https:\/\/planerydzienne.pl\/wp-content\/uploads\/2018\/02\/07-plan-finansowy.jpg'><img loading=\"lazy\" decoding=\"async\" width=\"300\" height=\"220\" src=\"https:\/\/planerydzienne.pl\/wp-content\/uploads\/2018\/02\/07-plan-finansowy-300x220.jpg\" class=\"attachment-medium size-medium\" alt=\"\" srcset=\"https:\/\/planerydzienne.pl\/wp-content\/uploads\/2018\/02\/07-plan-finansowy-300x220.jpg 300w, https:\/\/planerydzienne.pl\/wp-content\/uploads\/2018\/02\/07-plan-finansowy-768x562.jpg 768w, https:\/\/planerydzienne.pl\/wp-content\/uploads\/2018\/02\/07-plan-finansowy-600x439.jpg 600w, https:\/\/planerydzienne.pl\/wp-content\/uploads\/2018\/02\/07-plan-finansowy.jpg 1000w\" sizes=\"(max-width: 300px) 100vw, 300px\" \/><\/a>\n\t\t\t<\/div><\/figure><figure class='gallery-item'>\n\t\t\t<div class='gallery-icon landscape'>\n\t\t\t\t<a href='https:\/\/planerydzienne.pl\/wp-content\/uploads\/2018\/02\/08-planer.jpg'><img loading=\"lazy\" decoding=\"async\" width=\"300\" height=\"220\" src=\"https:\/\/planerydzienne.pl\/wp-content\/uploads\/2018\/02\/08-planer-300x220.jpg\" class=\"attachment-medium size-medium\" alt=\"\" srcset=\"https:\/\/planerydzienne.pl\/wp-content\/uploads\/2018\/02\/08-planer-300x220.jpg 300w, https:\/\/planerydzienne.pl\/wp-content\/uploads\/2018\/02\/08-planer-768x562.jpg 768w, https:\/\/planerydzienne.pl\/wp-content\/uploads\/2018\/02\/08-planer-600x439.jpg 600w, https:\/\/planerydzienne.pl\/wp-content\/uploads\/2018\/02\/08-planer.jpg 1000w\" sizes=\"(max-width: 300px) 100vw, 300px\" \/><\/a>\n\t\t\t<\/div><\/figure><figure class='gallery-item'>\n\t\t\t<div class='gallery-icon landscape'>\n\t\t\t\t<a href='https:\/\/planerydzienne.pl\/wp-content\/uploads\/2018\/02\/09-notatki.jpg'><img loading=\"lazy\" decoding=\"async\" width=\"300\" height=\"220\" src=\"https:\/\/planerydzienne.pl\/wp-content\/uploads\/2018\/02\/09-notatki-300x220.jpg\" class=\"attachment-medium size-medium\" alt=\"\" srcset=\"https:\/\/planerydzienne.pl\/wp-content\/uploads\/2018\/02\/09-notatki-300x220.jpg 300w, https:\/\/planerydzienne.pl\/wp-content\/uploads\/2018\/02\/09-notatki-768x562.jpg 768w, https:\/\/planerydzienne.pl\/wp-content\/uploads\/2018\/02\/09-notatki-600x439.jpg 600w, https:\/\/planerydzienne.pl\/wp-content\/uploads\/2018\/02\/09-notatki.jpg 1000w\" sizes=\"(max-width: 300px) 100vw, 300px\" \/><\/a>\n\t\t\t<\/div><\/figure><figure class='gallery-item'>\n\t\t\t<div class='gallery-icon landscape'>\n\t\t\t\t<a href='https:\/\/planerydzienne.pl\/wp-content\/uploads\/2018\/02\/10-cytaty.jpg'><img loading=\"lazy\" decoding=\"async\" width=\"300\" height=\"220\" src=\"https:\/\/planerydzienne.pl\/wp-content\/uploads\/2018\/02\/10-cytaty-300x220.jpg\" class=\"attachment-medium size-medium\" alt=\"\" srcset=\"https:\/\/planerydzienne.pl\/wp-content\/uploads\/2018\/02\/10-cytaty-300x220.jpg 300w, https:\/\/planerydzienne.pl\/wp-content\/uploads\/2018\/02\/10-cytaty-768x562.jpg 768w, https:\/\/planerydzienne.pl\/wp-content\/uploads\/2018\/02\/10-cytaty-600x439.jpg 600w, https:\/\/planerydzienne.pl\/wp-content\/uploads\/2018\/02\/10-cytaty.jpg 1000w\" sizes=\"(max-width: 300px) 100vw, 300px\" \/><\/a>\n\t\t\t<\/div><\/figure><figure class='gallery-item'>\n\t\t\t<div class='gallery-icon landscape'>\n\t\t\t\t<a href='https:\/\/planerydzienne.pl\/wp-content\/uploads\/2018\/02\/11-adresy.jpg'><img loading=\"lazy\" decoding=\"async\" width=\"300\" height=\"220\" src=\"https:\/\/planerydzienne.pl\/wp-content\/uploads\/2018\/02\/11-adresy-300x220.jpg\" class=\"attachment-medium size-medium\" alt=\"\" srcset=\"https:\/\/planerydzienne.pl\/wp-content\/uploads\/2018\/02\/11-adresy-300x220.jpg 300w, https:\/\/planerydzienne.pl\/wp-content\/uploads\/2018\/02\/11-adresy-768x562.jpg 768w, https:\/\/planerydzienne.pl\/wp-content\/uploads\/2018\/02\/11-adresy-600x439.jpg 600w, https:\/\/planerydzienne.pl\/wp-content\/uploads\/2018\/02\/11-adresy.jpg 1000w\" sizes=\"(max-width: 300px) 100vw, 300px\" \/><\/a>\n\t\t\t<\/div><\/figure><figure class='gallery-item'>\n\t\t\t<div class='gallery-icon landscape'>\n\t\t\t\t<a href='https:\/\/planerydzienne.pl\/wp-content\/uploads\/2018\/02\/11-okladka-2.jpg'><img loading=\"lazy\" decoding=\"async\" width=\"300\" height=\"220\" src=\"https:\/\/planerydzienne.pl\/wp-content\/uploads\/2018\/02\/11-okladka-2-300x220.jpg\" class=\"attachment-medium size-medium\" alt=\"\" srcset=\"https:\/\/planerydzienne.pl\/wp-content\/uploads\/2018\/02\/11-okladka-2-300x220.jpg 300w, https:\/\/planerydzienne.pl\/wp-content\/uploads\/2018\/02\/11-okladka-2-768x562.jpg 768w, https:\/\/planerydzienne.pl\/wp-content\/uploads\/2018\/02\/11-okladka-2-600x439.jpg 600w, https:\/\/planerydzienne.pl\/wp-content\/uploads\/2018\/02\/11-okladka-2.jpg 1000w\" sizes=\"(max-width: 300px) 100vw, 300px\" \/><\/a>\n\t\t\t<\/div><\/figure>\n\t\t<\/div>\n\n<\/div>\n<hr style=\"color: #c7a361;\" \/>\n<p><strong>Planer<\/strong> nie jest typowym, wsz\u0119dzie spotykanym kalendarzem. Jest to lu\u017ano opracowany terminarz, kt\u00f3ry wype\u0142nia si\u0119 strona po stronie.<br \/>\n<strong><span style=\"color: #c7a361;\">\u00bb<\/span> <\/strong>Ka\u017cda karta posiada miejsce na wpisanie dnia i daty<br \/>\n<strong><span style=\"color: #c7a361;\">\u00bb<\/span> <\/strong>Nie ma z g\u00f3ry narzuconej kolejno\u015bci zapisywania dni<br \/>\n<strong><span style=\"color: #c7a361;\">\u00bb<\/span> <\/strong>To Ty decydujesz kiedy uzupe\u0142niasz <strong>planer<\/strong>, wi\u0119c wpisy w <strong>planerze<\/strong> zaczynasz w dowolnym momencie roku<br \/>\n<strong><span style=\"color: #c7a361;\">\u00bb<\/span> Planer<\/strong> jest uniwersalny, nadaje si\u0119 dla ucznia, studenta, managera czy te\u017c kobiety w ci\u0105\u017cy. Ka\u017cdy z powodzeniem mo\u017ce z niego korzysta\u0107<\/p>\n<hr style=\"color: #c7a361;\" \/>\n<p>Uniwersalne, wygodne i proste narz\u0119dzie, dzi\u0119ki kt\u00f3remu rozplanujemy i uporz\u0105dkujemy sobie ka\u017cdy dzie\u0144. Sam Planer jest w formie wygodnego ko\u0142ozeszytu w twardej oprawie, z ok\u0142adk\u0105 zabezpieczon\u0105 foli\u0105. Zapewnia to odpowiedni\u0105 trwa\u0142o\u015b\u0107 i wygod\u0119 u\u017cytkowania.<\/p>\n<hr style=\"color: #c7a361;\" \/>\n<p><strong>Spis tre\u015bci<\/strong><br \/>\n<strong><span style=\"color: #c7a361;\">\u00bb<\/span> <\/strong><span class=\"_3oh- _58nk\">Strona tytu\u0142owa z miejscem na dane w\u0142a\u015bciciela (1 str.)<br \/>\n<strong><span style=\"color: #c7a361;\">\u00bb<\/span> <\/strong>Kalendarz na rok 2022\/23\/24 (6 str.)<\/span><br \/>\n<span class=\"_3oh- _58nk\"><strong><span style=\"color: #c7a361;\">\u00bb<\/span> <\/strong>Plan urlopowy (4 str.)<\/span><br \/>\n<span class=\"_3oh- _58nk\"><strong><span style=\"color: #c7a361;\">\u00bb<\/span> <\/strong>Moje Cele (8 str.)<br \/>\n<strong><span style=\"color: #c7a361;\">\u00bb<\/span> <\/strong>100 rzeczy kt\u00f3re chc\u0119 zrobi\u0107 w\u2026 (2 str.)<br \/>\n<strong><span style=\"color: #c7a361;\">\u00bb<\/span> <\/strong>Planer miesi\u0119czny na 12 miesi\u0119cy (12 str)<br \/>\n<strong><span style=\"color: #c7a361;\">\u00bb<\/span> <\/strong>Planer finansowy na 12 miesi\u0119cy (12 str)<br \/>\n<strong><span style=\"color: #c7a361;\">\u00bb<\/span> <\/strong>Planner dzienny na 250 dni (250 str.)<br \/>\n<strong><span style=\"color: #c7a361;\">\u00bb<\/span> <\/strong>Notatki\/uwagi (42 str.)<br \/>\n<strong><span style=\"color: #c7a361;\">\u00bb<\/span> <\/strong>Wa\u017cna my\u015bl\/sentencja (4 str.)<br \/>\n<strong><span style=\"color: #c7a361;\">\u00bb<\/span> <\/strong>Adresy\/telefony\/www i inne (6 str.)<\/span><\/p>\n<pre><em>Wygl\u0105d wewn\u0119trzny planera mo\u017ce nieco si\u0119 r\u00f3\u017cni\u0107 od prezentowanego na zdj\u0119ciach, ze wzgl\u0119du na jego ewolucj\u0119 jak i potrzeby wprowadzania zmian w projekcie. <\/em><\/pre>\n","protected":false},"excerpt":{"rendered":"<p>Planer dzienny BOLD &#8211; <strong>Niedatowany<\/strong><\/p>\n<p><strong>Format A5 (15 x 22 cm), 344 str.<\/strong><\/p>\n<p>&nbsp;<\/p>\n<table style=\"height: 319px;\" border=\"0\" width=\"707\" rules=\"rows\">\n<tbody>\n<tr>\n<td style=\"text-align: right;\" width=\"45%\"><strong><span style=\"color: #c7a361;\">\u00bb<\/span> <\/strong>Format<\/td>\n<td width=\"10%\">\u00a0\u2013<\/td>\n<td style=\"text-align: left;\" width=\"45%\"><strong>A5<\/strong> (155 x 220 mm)<\/td>\n<\/tr>\n<tr>\n<td style=\"text-align: right;\" width=\"45%\"><strong><span style=\"color: #c7a361;\">\u00bb<\/span> <\/strong>Ilo\u015b\u0107 stron<\/td>\n<td width=\"10%\">\u00a0\u2013<\/td>\n<td style=\"text-align: left;\" width=\"45%\"><strong>344 str.<\/strong><\/td>\n<\/tr>\n<tr>\n<td style=\"text-align: right;\" width=\"45%\"><strong><span style=\"color: #c7a361;\">\u00bb<\/span> <\/strong>Ok\u0142adka<\/td>\n<td width=\"10%\">\u00a0\u2013<\/td>\n<td style=\"text-align: left;\" width=\"45%\"><strong>twarda<\/strong> pokryta foli\u0105 matow\u0105<\/td>\n<\/tr>\n<tr>\n<td style=\"text-align: right;\" width=\"45%\"><strong><span style=\"color: #c7a361;\">\u00bb<\/span> <\/strong>Oprawa<\/td>\n<td width=\"10%\">\u00a0\u2013<\/td>\n<td style=\"text-align: left;\" width=\"45%\"><strong>czarna spirala<\/strong><\/td>\n<\/tr>\n<tr>\n<td style=\"text-align: right;\" width=\"45%\"><strong><span style=\"color: #c7a361;\">\u00bb<\/span> <\/strong>Kolor ok\u0142adki<\/td>\n<td width=\"10%\">\u00a0\u2013<\/td>\n<td style=\"text-align: left;\" width=\"45%\">\u00a0czarne i bia\u0142e paski<\/td>\n<\/tr>\n<tr>\n<td style=\"text-align: right;\" width=\"45%\"><strong><span style=\"color: #c7a361;\">\u00bb<\/span> <\/strong>Kolor wn\u0119trza ok\u0142adki<\/td>\n<td width=\"10%\">\u00a0\u2013<\/td>\n<td style=\"text-align: left;\" width=\"45%\">czarny<\/td>\n<\/tr>\n<tr>\n<td style=\"text-align: right;\" width=\"45%\"><strong><span style=\"color: #c7a361;\">\u00bb<\/span> <\/strong>Karty wn\u0119trza<\/td>\n<td width=\"10%\">\u00a0\u2013<\/td>\n<td style=\"text-align: left;\" width=\"45%\">bia\u0142y papier 80g<\/td>\n<\/tr>\n<tr>\n<td style=\"text-align: right;\" width=\"45%\"><strong><span style=\"color: #c7a361;\">\u00bb<\/span> <\/strong>Dodatki<strong>\u00a0<\/strong><\/td>\n<td width=\"10%\">\u00a0\u2013<\/td>\n<td style=\"text-align: left;\" width=\"45%\">\u2013 Papierowa kiesze\u0144<br \/>\n\u2013 Gumka do zapinania<br \/>\n\u2013 Metalowe okucia<\/td>\n<\/tr>\n<\/tbody>\n<\/table>\n","protected":false},"featured_media":1488,"template":"","meta":[],"product_cat":[39],"product_tag":[],"_links":{"self":[{"href":"https:\/\/planerydzienne.pl\/index.php\/wp-json\/wp\/v2\/product\/361"}],"collection":[{"href":"https:\/\/planerydzienne.pl\/index.php\/wp-json\/wp\/v2\/product"}],"about":[{"href":"https:\/\/planerydzienne.pl\/index.php\/wp-json\/wp\/v2\/types\/product"}],"wp:featuredmedia":[{"embeddable":true,"href":"https:\/\/planerydzienne.pl\/index.php\/wp-json\/wp\/v2\/media\/1488"}],"wp:attachment":[{"href":"https:\/\/planerydzienne.pl\/index.php\/wp-json\/wp\/v2\/media?parent=361"}],"wp:term":[{"taxonomy":"product_cat","embeddable":true,"href":"https:\/\/planerydzienne.pl\/index.php\/wp-json\/wp\/v2\/product_cat?post=361"},{"taxonomy":"product_tag","embeddable":true,"href":"https:\/\/planerydzienne.pl\/index.php\/wp-json\/wp\/v2\/product_tag?post=361"}],"curies":[{"name":"wp","href":"https:\/\/api.w.org\/{rel}","templated":true}]}}